the value of -24 + (-12 - (28 + -5))?
-59
Evaluate (7 - -7) + (-17 - 3).
-6
(6141 - 6260) + (0 - -73)
-46
Evaluate 8 - (8 - -3 - -7) - (4 + -28).
14
Calculate -24 + (91 - 95) + 10 + 3 + -3 + -1.
-19
(0 - 79) + 12 + 1 + -20 + 76 + -73
-83
Calculate 32 - (-57 + 63) - -11.
37
What is the value of (-8 - -62) + (13 - 14) + 32?
85
What is 63 + -91 + (-20 - 5)?
-53
What is (-1 - ((6 - 17) + 7)) + (148 - 65)?
86
33 + -97 - (1 + (23 - 21))
-67
Evaluate -84 + (-21 - -19) + 6 - 8.
-88
0 - -43 - (2 - (50 + -83))
8
14 - (35 - 0) - (5 + 5 - -63)
-94
What is the value of -29 + -3 + 67 + 32?
67
What is 60 + (-7 - (-5 - (-15 + (13 - -2))))?
58
-2 + (-170 - -71) + 49
-52
What is (-11 + 17 - 13) + (-39 - -36)?
-10
(114 - 198) + -2 + -4 + 20 - -7
-63
Evaluate -93 - -84 - (2 + (6 - 133) + 1 - 1).
116
What is -63 - (8 - (4 + 10 + (-11 - 5)))?
-73
What is (17 - 86 - -29) + 15?
-25
Evaluate 18 - (47 - (-2 + 24)) - (19 + -1).
-25
What is the value of 32 + -20 - (6 - 1 - 1) - (-1 + -11)?
20
Evaluate 32 + -28 + (-3 - -11).
12
Calculate -5 + -35 + 35 + 8 + 2.
5
3 - ((29 - 33) + (-10 - (-9 + 49)))
57
Calculate -1 + -57 - (83 + (-41 - 65)).
-35
Calculate (21 - (29 + -58 + -21)) + -31.
40
What is 3 + 11 + -169 + 151 - 44?
-48
Evaluate (-88 - -11) + 0 + (-7 + 31 - 13).
-66
(59 - 119) + (51 - 0)
-9
What is 45 - 0 - (3609 - 3620)?
56
Calculate 41 + 2 - (-224 - (-386 - -129)).
10
Calculate -78 - (-146 + 58 + 13).
-3
What is -35 - (-2 + -31) - (123 + -2) - (14 + 2)?
-139
Calculate 26 + -34 + 109 - (-2 - -2 - 4).
105
What is the value of (-73 - (-42 - 4)) + 7?
-20
Calculate (-6 - (-22 - 12)) + -67 + (8 - 1).
-32
Calculate 175 - (49 + (-71 - -25) + 43).
129
What is the value of -1 + 13 + 29 + (-7 - -12)?
46
What is the value of -6 + (17 - 2) + (37 - 31) - 3?
12
Calculate (30 + (-63 - -22) - -17) + (-45 - 3).
-42
0 + -8 + 8 - (112 + -94)
-18
What is -15 + (-81 - 16) + -11 + 33?
-90
-17 + (17 + (3 - (17 + 4)) - -20)
2
What is the value of (8 - (2 + 0)) + -8 + -12 + -47?
-61
Evaluate 6 + 14 + -56 + 15 + 22 + -2.
-1
1125 - 1063 - (7 - 2)
57
Evaluate ((2 - 1) + -32 - (-36 - -23)) + -67.
-85
9 - ((8 - (-13 + 12) - (30 - -2)) + -9)
41
Calculate 39 + -52 + 20 - (-4 + 14).
-3
What is the value of -214 + 76 + 126 + (-23 - -1)?
-34
What is the value of 38 + (-38 - (25 - 59))?
34
What is the value of 59 + -72 + 62 + -14?
35
(1242 - 1333) + (-3 - (2 + -9)) + -7
-94
Evaluate (-21 + 6 - (-41 - -46)) + 50.
30
Calculate -112 - (2 - -9) - (162 - 179).
-106
What is the value of (17 - (9 - 35)) + -22 - (3 + -29)?
47
Evaluate 35 + 0 + 2 + (10382 - 10457).
-38
Evaluate (11 - -51) + -63 + (0 - 2) + -38 + -3.
-44
Calculate (-11 - (-1 + 1)) + 13 + (-45 - -31).
-12
Calculate -16 - (13 - (-17 + 114) - -16).
52
-3 - -103 - (-225 - -228) - -7
104
What is the value of -44 - (215 + (-46 - 171) - (-1 - (1 - 8)))?
-36
What is -17 + -2 + 10 + (-25 - (-6 - 10))?
-18
Evaluate (-1 - 66) + (132 - 96).
-31
Evaluate (2 + 7 + -52 - -3) + -14.
-54
Evaluate (9 - 1) + (16 + -9 - 87).
-72
(-4 - -5 - 2) + (29 - 44 - 4)
-20
Calculate 1 + 0 + (-262 - -131) + 64.
-66
What is the value of (39 - (21 + 5)) + 25 + 28?
66
Calculate -30 + (-11 - (-32 - -17) - (-9 + 8)).
-25
Evaluate -6 + -10 + (1 + 7 - (24 + 31 + -40)).
-23
Calculate (-7 + (22 + -10 - 61 - -5) - 6) + -1.
-58
5 + -9 + -21 + 62 - 23
14
(191 - 197) + (-67 - (2 + -2) - 2 - 3)
-78
What is 27 + (19 - -2) + -34 - -99?
113
What is the value of -174 - -187 - (1 - (3 - 4 - -15))?
26
17 - 15 - (25 - -21)
-44
Calculate -19 - (13 - ((38 - 24) + (7 - (-2 + -1)))).
-8
What is -101 - (-35 - -2 - (77 - (68 + 34)))?
-93
Evaluate (2283 - 2202) + (-69 - 5).
7
What is the value of 11 + -22 + (-3 - (-19 + 4))?
1
Evaluate 23 + 18 + (8 - (9 + -12)).
52
What is the value of 855 - 764 - (-5 + 0 - (-25 + -1))?
70
1 + 1 - (3 - 2) - (-66 - (-23 - 57))
-13
Calculate -30 + -1 + 17 - (-4 + (-4 - -5) + -4).
-7
What is the value of (-7 - -30) + (-1 - 11) + 10?
21
(29 - (68 - 30)) + (-1 - (24 - -1))
-35
What is (18 + -1 - 14 - -15) + -4?
14
11 + (-48 + 36 - 25)
-26
What is the value of (4 - 1 - 12) + (47 - -23 - 41)?
20
(-20 - -32 - 3 - (2 + 10)) + 34
31
Evaluate 0 - (-46 + -2) - (-34 + (84 - 39)).
37
What is (-2 - (0 + -2)) + 29 + -27 - (-153 + 68)?
87
-2 + 2 - (16 - 9) - -30 - (18 - 13)
18
What is (22 - 14 - -2 - -3) + -7?
6
What is the value of 114 + 4 + -112 - (12 + -1) - (0 - 32)?
27
19 + 3 + (-3 - -12) + 22 + -22 + -13
18
Calculate -103 + -16 - (-84 + 51).
-86
-71 + (58 - -2) - -13
2
30 - ((-12 - (-58 + -9)) + 20)
-45
Calculate 44 + 0 + (205 - 82) + -144.
23
Evaluate 1 - (3 + -5 - -9) - (-2 - -29).
-33
What is the value of (-270 - -231) + -2 + -1 + -25?
-67
Evaluate -21 - ((-6 - 18) + -15) - (1 + 49).
-32
What is the value of -720 + 610 - (-6 + 21)?
-125
Calculate -130 - (14 + 43 + (19 - 81)).
-125
What is the value of (3 - (1 + -51 - -3 - (-43 + 36))) + -1?
42
What is 18 - (3 + 30 + -22 - 22)?
29
What is the value of -13 + (-21 - 7 - -25) - 82?
-98
Calculate -25 + (2 - (-33 + 13)).
-3
What is the value of -20 + ((2 - -20) + -4 - 12)?
-14
What is (105 + -60 - -128) + -28?
145
What is -451 + 379 - -86 - (-1 + 0 + -5)?
20
What is the value of -43 + (22 - -63) + -99?
-57
Evaluate 1 + -11 + -97 + -14 + 118.
-3
What is the value of 33 + -58 + 75 + 4 + 10?
64
What is 39 + (5 + 12 + -15 + 11 - (7 + -3))?
48
-10 + (-47 - -1 - ((-81 - -30) + 43))
-48
-13 + 9 + (-21 - -7) - 12
-30
Calculate -6 + (61 - 1) + 211 + -251.
14
What is the value of -23 + 5 + 5 + 0 + 7 - (-54 - 4)?
52
Calculate (51 - 21) + (1 - -4) + -12 + 9.
32
What is (-64 + 38 - -54 - 30) + (-2 - (8 + -3))?
-9
What is -43 - (-13 + 5) - (11 + 7 - 17)?
-36
What is the value of (4 + -5 - (-7 + 9 - 5)) + (766 - 652)?
116
Evaluate 1 + -1 - (188 - 131 - -9).
-66
Evaluate (18 - (-55 - -61)) + -71.
-59
Evaluate -213 + 172 + -52 + 36 + 3.
-54
-11 + (-12 - -48) + -14 - (8 - (-2 + 1))
2
Evaluate -60 - -2 - -3 - (73 - (-21 - -101)).
-48
-37 - (-2 + 0) - (78 - 49 - 41)
-23
Evaluate (-25 - -16 - -117) + (1 - 9) + 20.
120
Calculate (-38 - -20 - -24) + -4.
2
Calculate 0 + 2 - (19 - (-43 - -58) - (-1 - -8)).
5
Calculate 43 - (22 + (16 - 34) + -4 + -1 + -2).
46
What is the value of 48 + -126 + (-57 - -99)?
-36
Evaluate 25 + 47 - (74 + -52).
50
19 + -38 + 40 + -45
-24
Calculate -1 + 29 + (60 - 180 - -153).
61
What is 1 + 62 + (60 - -6) + -64 + 11 + 0?
76
Evaluate 141 + -72 + 19 - 57.
31
What is 51 - 124 - -27 - -18?
-28
What is the value of -3 + -9 - (-18 - -31) - (0 - -11)?
-36
What is -30 - ((-28 - 58) + 152)?
-96
Evaluate (2 - -3) + (33 - -16 - 23 - 16).
15
Calculate (0 - -19) + (-187 - -151) - -8.
-9
Evaluate 60 - (28 - -72 - 51).
11
What is (1 - 0) + 7 - (117 + 51 + -150)?
-10
Calculate 21 + 0 + (1 - -29) - (8 - 1).
44
What is -18 + 0 + (23 - 112 - -106)?
-1
Calculate (37 - 19) + (0 + 16 - 10).
24
What is 5 + (-56 - -28) + 29?
6
Evaluate 4 + 0 - (15 - (-2 + -8) - 54).
33
Calculate 41 - (59 + (-46 - 8)).
36
(0 - 61) + (565 - 529 - (27 - (4 + -2)))
-50
What is 1 + (0 + 9 - ((8 - (5 + -1)) + -7))?
13
Evaluate (-7 - 6) + 35 + 6 + 9.
37
Evaluate 5 + 2 + -14 - (30 - -3).
-40
What is 35 + -66 + -3 - 6?
-40
Evaluate (6 - (-10 + 1 + 39 + (-79 - 19))) + -3.
71
Evaluate -3 + 8 + -18 + (90 - 19 - 19).
39
What is -115 + 1 + (337 - 264)?
-41
Calculate 58 + (40 - 48) - 37.
13
What is the value of 9 - 0 - (88 - 159 - -90)?
-10
What is -154 + 168 - (-31 - -7)?
38
Calculate 0 + -4 + -1 + 4 + -2774 + 2763.
-12
What is -43 + (44 - 0) + -6 + -27?
-32
-19 - 5 - (35 + -55 + 15)
-19
What is the value of 156 + -121 + (2 - 25) + 7 + (-5 - -119)?
133
Evaluate 74 - 217 - (-61 + (49 - 18)).
-113
Calculate 43 - (66 + -122 - -143).
-44
What is 7 - (-8 + -62) - (-21 - -2)?
96
What is -167 - -233 - (24 + (-10 - -9))?
43
-22 + 53 - (50 - 8)
-11
Evaluate 3 - ((16 - 14) + 7) - (90 - 35).
-61
What is (1 - 4 - 53) + (12 - 13) - (25 + -13)?
-69
What is -10 - (33 - (-6 - -20 - 8) - -10)?
-47
What is the value of -84 - ((12 - -4) + -97)?
-3
What is the value of 20 + (49 + -88 - -29) + (-1 - 0)?
9
What is the value of -4 + (7 - 60) + (7 + -27 - -31)?
-46
What is 2 - -4 - (56 - 20 - 22)?
-8
What is 1 + 1 - (-3 + (52 - 3) + 16)?
-60
Evaluate -573 - -655 - (-2 - (2 - 0)).
86
Evaluate 59 - (99 - 76) - 86.
-50
Calculate -16 + 25 + 13 - (33 - 25 - (0 - 1)).
13
What is the value of (-20 - 72 - -76) + 